of y and 28?
28
Suppose -250 = 2*y - 4*y. Let m be ((-1)/2)/(3/(-12)). Suppose m*x = 117 - 17. What is the greatest common factor of y and x?
25
Let f be (1 - 6/(-3))/1. Suppose -f = -2*d + 4*i - 7, 3*d - 4*i + 8 = 0. Let c be d/5*(-15)/3. Calculate the greatest common factor of c and 20.
4
Suppose -3*t + t + 5 = -3*z, z = t. Let s be (-4)/(z/2 - -2). Calculate the greatest common divisor of 40 and s.
8
Let q(s) = -s**3 + 2*s + 1. Let n be q(2). Let k(z) = z - 7. Let c be k(6). Let b = c - n. Calculate the greatest common factor of b and 14.
2
Let t = 16 - 0. Calculate the greatest common divisor of t and 48.
16
Let i = -7 + 7. Suppose -c - 3 = -2*o - 4, i = -3*c - 4*o + 13. What is the greatest common factor of c and 15?
3
Let u be 20 - (8 + (-3 - 0)). Calculate the greatest common factor of u and 6.
3
Let u = -37 + 87. Calculate the highest common divisor of 30 and u.
10
Let l be 0 - (-1 + (1 - 6)). Let r be -3 + 201/l*6. Let f(z) = -19*z**3 - 2*z**2 + 1. Let s be f(-1). Calculate the highest common factor of s and r.
18
Let j be 6 + 6/9*-3. Suppose j*y - 65 = -y. What is the greatest common divisor of y and 91?
13
Let o be (-34)/(-10) - (-9)/15. Let z = 6 + o. Let y(w) = 9*w - 5. Let d be y(5). Calculate the greatest common divisor of d and z.
10
Let s(i) = -i**3 + i**2 + i + 11. Let y be s(0). Calculate the highest common divisor of y and 11.
11
Suppose -v - 84 = -4*v + 3*b, -5*v = -b - 148. Let a = 0 - -6. What is the greatest common divisor of v and a?
6
Let m = 4 - -1. Suppose m*q - 4*w = 35, 2*w - 2 = q + 3*w. Suppose -4*t + 21 = 3*f - 5, q*f = -5*t + 31. What is the greatest common factor of t and 25?
5
Let b(r) = -r**2 - 5*r + 1. Let i be b(-3). Suppose 0 = 3*x - i - 11. Calculate the highest common divisor of x and 15.
3
Suppose 0*r + 3*r - 24 = 0. Suppose -r*y = -3*y - 140. Calculate the highest common factor of y and 14.
14
Let b be (3 - (-51)/(-9))*-15. What is the highest common divisor of b and 30?
10
Suppose -3*r = -2*c - 10, -2 = -3*r - 7*c + 5*c. Calculate the highest common factor of 3 and r.
1
Let r(f) = 2*f**2 + 2*f - 1. Let k(d) = -d**3 + 4*d**2 + 1. Let i be k(4). Let z be r(i). Calculate the highest common factor of z and 6.
3
Let v(z) = -z**2 + 8*z - 9. Let l be v(6). Let k(c) = -c - 3. Let y be k(-5). Calculate the greatest common divisor of y and l.
1
Suppose 11*l - 15 = 10*l. Calculate the greatest common factor of 105 and l.
15
Let h(m) = -22*m + 6. Let j be h(-3). What is the greatest common factor of j and 8?
8
Suppose -18*c + 245 = -13*c. Calculate the greatest common factor of 7 and c.
7
Let x be (5/2 + -5)*-6. Calculate the greatest common divisor of 120 and x.
15
Suppose 2*y - 140 = -2*y - 2*q, 3*y + 5*q = 105. Suppose 3*f - 5*f = -56. Suppose -2*u - f = -4*u. Calculate the greatest common factor of u and y.
7
Let o(i) = i**2 + i + 4. Let l be o(-3). Let j = 2 + 88. What is the greatest common divisor of l and j?
10
Let y(h) = 2*h**3 + 1. Let c be y(1). Suppose -3*v + 4*v - 4*s - 7 = 0, 3*v - 5*s - 14 = 0. Let a = c + v. What is the greatest common divisor of 66 and a?
6
Let k be 0*3*1/6. Suppose c + 2 - 7 = k. Suppose -c*t + 40 = 5. Calculate the highest common divisor of t and 1.
1
Let k = -40 - -50. What is the highest common divisor of 130 and k?
10
Suppose 12 = -3*q + 6*q. Suppose 0 = q*s + s - 30. Calculate the highest common divisor of 2 and s.
2
Let v = 3 + -3. Suppose 0*r - 2*r = v. Suppose 0 = 3*i - r*i - 27. What is the highest common divisor of 3 and i?
3
Let w(t) = -7*t. Let i be w(-2). Let p be i/(-4)*(-36)/3. Let f be 16/10*(-70)/(-4). What is the highest common factor of f and p?
14
Suppose 7 = -3*o + 31. Let b(c) = c**2 - 10*c + 5. Let i be b(5). Let r be (-24)/i*80/6. What is the highest common divisor of r and o?
8
Let d be 1 + 2 - 184/(-23). Calculate the highest common divisor of d and 11.
11
Suppose 3*x - 190 = x. Let l(z) = -4*z**3 + z**2 - z. Let h be l(-2). What is the highest common factor of h and x?
19
Let w(n) = -n**3 - 5*n**2 + 3*n - 7. Let k be w(-6). What is the highest common divisor of k and 99?
11
Let d(q) = -26*q - 21*q - 16*q + 5*q - 1. Let p be d(-4). Calculate the highest common divisor of p and 21.
21
Let i(m) = 11*m**2 + 5*m + 2. Let x be i(-5). What is the highest common divisor of 28 and x?
28
Suppose 4*d + 3*f + 7 = 0, -5*f + 0*f = -5*d. Let x be 2/2*(d - -98). Let c = x - 49. What is the greatest common divisor of 12 and c?
12
Let n be 5 - 7 - (-3 + -1). Suppose 0 = 5*f - 2*f - 12. Suppose 2*p = f*h - h + 32, -3*p + 5*h = -46. Calculate the highest common factor of n and p.
2
Let x(s) = -2*s + 2. Let a(t) = -3*t + 5. Let z be a(5). Let r be x(z). What is the highest common factor of 66 and r?
22
Suppose 0 = -2*o - o - 18. Let n = 13 + o. Let c be (-30)/(-4) - 2/4. Calculate the highest common divisor of c and n.
7
Suppose 4*s + 2 = 5*s. Suppose -s*a - 20 = -7*a. What is the greatest common factor of a and 1?
1
Let a = 44 + 16. Suppose -3*s + a = s. Calculate the highest common factor of s and 10.
5
Let d = 11 - -5. What is the highest common factor of 32 and d?
16
Suppose 3*n - 1 = 4*u, -4*u - 4*n - 8 = -0*u. Let s be 3 + -2 + 2 + u. Suppose 4 = h - s. Calculate the greatest common divisor of 6 and h.
6
Suppose -x + 2*s - 5 = 0, x + 2*s = -3*x + 20. Suppose 0 = -x*j + 4*j - 2. Suppose j*q - 8 = 8. What is the highest common divisor of 24 and q?
8
Let g be 2/1*(-35)/(-1). What is the highest common factor of g and 105?
35
Let w = 29 + -3. Calculate the highest common divisor of 65 and w.
13
Let q(k) be the second derivative of k**4/3 - 2*k**3/3 - 2*k**2 + k. Let i = 3 + 2. Let p be q(i). Calculate the highest common divisor of 19 and p.
19
Let k be (0 + 12)/(9/6). Suppose -k + 2 = -2*a. Suppose 0*i = -a*i + 36. Calculate the highest common divisor of 24 and i.
12
Let p = 19 - 1. Calculate the highest common divisor of 18 and p.
18
Let o(w) = w**3 + 4*w**2 + w - 3. Let u be o(-3). Let v(y) = 4*y. Let n be v(u). Suppose -3*f - 7 = -79. What is the greatest common divisor of f and n?
12
Let l be (-18)/((-14)/8 + 1). Calculate the greatest common factor of 3 and l.
3
Suppose -1 = -3*n - 5*w - 6, -3*w = -2*n + 3. Suppose 48 = -n*d + 4*d. What is the greatest common factor of d and 4?
4
Let o(s) = -s**2 + 13*s. Let d be o(8). Let p be (4/3)/(6/45). Calculate the greatest common factor of p and d.
10
Let h(j) = -j**3 - j**2 - 4*j - 5. Let a be h(-3). What is the greatest common divisor of a and 5?
5
Suppose -d + 0*d + 48 = 0. Suppose -4*j = -d - 32. Suppose -4*x = w - 8, j = 2*w - 5*x + 4. What is the greatest common factor of 8 and w?
8
Let y = 28 - -22. Calculate the greatest common divisor of y and 20.
10
Let s = 95 + -67. Calculate the highest common factor of s and 2.
2
Let b(k) = k**2 + 7*k + 7. Let g be b(-7). Calculate the highest common factor of 7 and g.
7
Let b(n) = -n**3 - 4*n**2 - 2*n + 1. Let z be b(-2). Let i = 16 + z. Suppose -k + 24 = -28. Calculate the highest common divisor of i and k.
13
Suppose 5*h - h + 20 = 0. Let q be 1/h - 121/(-5). Let x be ((-4)/2)/((-2)/12). Calculate the highest common factor of q and x.
12
Let m be (0 - 1) + 3 + 2. Let x be (-2 - -1*m)*1. Suppose 4*y - x - 38 = 0. What is the greatest common factor of 10 and y?
10
Let p = 34 + 98. Suppose -5*z + 45 = -15. Calculate the greatest common divisor of p and z.
12
Let k = 3 + 3. Let d be k/(-3) - (-5 + 2). What is the greatest common factor of 3 and d?
1
Let b(n) = n**2 - n. Suppose -3*v = v - z + 15, -5*v + 2*z - 15 = 0. Let y be b(v). Calculate the greatest common factor of 15 and y.
15
Suppose -11 = 3*d - 4*d. Let k be (4/(-6))/((-3)/99). Calculate the greatest common factor of d and k.
11
Suppose -y = -2*g + 3, 0*y - y - 5*g = -32. Suppose 0 = -2*m - 2*m + 196. What is the greatest common factor of y and m?
7
Let a = -47 + 54. Calculate the highest common divisor of a and 119.
7
Let c(s) = -s**3 + 5*s**2 + 8*s + 1. Let t be c(6). Calculate the greatest common factor of t and 13.
13
Let g be (-18)/(-27) - 33/9. Suppose 2*f - f = -72. Let h be ((-5)/g)/((-2)/f). Calculate the greatest common divisor of 15 and h.
15
Suppose 2*f = -4*m + m - 17, 0 = -3*m - 3. Let d be 2 - f/((-7)/(-16)). Calculate the highest common divisor of 27 and d.
9
Suppose 3*g + z - 4 = -0*z, -13 = 4*g +